{"id":27,"date":"2019-08-29T11:24:39","date_gmt":"2019-08-29T14:24:39","guid":{"rendered":"http:\/\/cnhsuspensarj.com.br\/recurso\/?page_id=27"},"modified":"2023-03-15T15:30:28","modified_gmt":"2023-03-15T18:30:28","slug":"outras-atuacoes","status":"publish","type":"page","link":"https:\/\/cnhsuspensarj.com.br\/recurso\/outras-atuacoes\/","title":{"rendered":"Outras Atua\u00e7\u00f5es"},"content":{"rendered":"<p>Alem de\u00a0 Recurso de Multa Lei Seca e Recurso em Processo de Suspens\u00e3o e Cassa\u00e7\u00e3o da CNH, atuamos com demais recursos de multas.<br \/>\nConsulte-nos e pe\u00e7a assessoria para recorrer em multas de tr\u00e2nsito!<br \/>\n<div class=\"su-table su-table-alternate\">\n<table>\n<tbody>\n<tr>\n<td>Multas de Tr\u00e2nsito<\/td>\n<td><a href=\"https:\/\/api.whatsapp.com\/send?phone=5521972909536&#038;text=Ola%2C%20gostaria%20de%20um%20or%C3%A7amento%20Sem%20Compromisso%20de%20Recurso%20de%20Multa%20de%20Transito\" class=\"su-button su-button-style-default\" style=\"color:#ffffff;background-color:#2EC750;border-color:#25a040;border-radius:5px\" target=\"_blank\" rel=\"noopener noreferrer\"><span style=\"color:#ffffff;padding:6px 16px;font-size:13px;line-height:20px;border-color:#6dd885;border-radius:5px\"><i class=\"sui sui-whatsapp\" style=\"font-size:13px;color:#FFFFFF\"><\/i> Fale Conosco<\/span><\/a><\/td>\n<\/tr>\n<tr>\n<td>Troca Real Infrator<\/td>\n<td><a href=\"https:\/\/api.whatsapp.com\/send?phone=5521972909536&#038;text=Ola%2C%20gostaria%20de%20um%20or%C3%A7amento%20Sem%20Compromisso%20de%20Recurso%20de%20Troca%20Real%20Infrator\" class=\"su-button su-button-style-default\" style=\"color:#ffffff;background-color:#2EC750;border-color:#25a040;border-radius:5px\" target=\"_blank\" rel=\"noopener noreferrer\"><span style=\"color:#ffffff;padding:6px 16px;font-size:13px;line-height:20px;border-color:#6dd885;border-radius:5px\"><i class=\"sui sui-whatsapp\" style=\"font-size:13px;color:#FFFFFF\"><\/i> Fale Conosco<\/span><\/a><\/td>\n<\/tr>\n<tr>\n<td>Multas Mandat\u00f3rias<\/td>\n<td><a href=\"https:\/\/api.whatsapp.com\/send?phone=5521972909536&#038;text=Ola%2C%20gostaria%20de%20um%20or%C3%A7amento%20Sem%20Compromisso%20de%20Recurso%20de%20Multas%20Mandat\u00e1rias%20Recebidas\" class=\"su-button su-button-style-default\" style=\"color:#ffffff;background-color:#2EC750;border-color:#25a040;border-radius:5px\" target=\"_blank\" rel=\"noopener noreferrer\"><span style=\"color:#ffffff;padding:6px 16px;font-size:13px;line-height:20px;border-color:#6dd885;border-radius:5px\"><i class=\"sui sui-whatsapp\" style=\"font-size:13px;color:#FFFFFF\"><\/i> Fale Conosco<\/span><\/a><\/td>\n<\/tr>\n<tr>\n<td>Transfer\u00eancia de Responsabilidade<\/td>\n<td><a href=\"https:\/\/api.whatsapp.com\/send?phone=5521972909536&#038;text=Ola%2C%20gostaria%20de%20um%20or%C3%A7amento%20Sem%20Compromisso%20de%20Recurso%20de%20Transferencia%20de%20Responsabilidade\" class=\"su-button su-button-style-default\" style=\"color:#ffffff;background-color:#2EC750;border-color:#25a040;border-radius:5px\" target=\"_blank\" rel=\"noopener noreferrer\"><span style=\"color:#ffffff;padding:6px 16px;font-size:13px;line-height:20px;border-color:#6dd885;border-radius:5px\"><i class=\"sui sui-whatsapp\" style=\"font-size:13px;color:#FFFFFF\"><\/i> Fale Conosco<\/span><\/a><\/td>\n<\/tr>\n<tr>\n<td>Multa em CNH Provis\u00f3ria<\/td>\n<td><a href=\"https:\/\/api.whatsapp.com\/send?phone=5521972909536&#038;text=Ola%2C%20gostaria%20de%20um%20or%C3%A7amento%20Sem%20Compromisso%20de%20Recurso%20de%20Multa%20CNH%20Provis\u00f3ria\" class=\"su-button su-button-style-default\" style=\"color:#ffffff;background-color:#2EC750;border-color:#25a040;border-radius:5px\" target=\"_blank\" rel=\"noopener noreferrer\"><span style=\"color:#ffffff;padding:6px 16px;font-size:13px;line-height:20px;border-color:#6dd885;border-radius:5px\"><i class=\"sui sui-whatsapp\" style=\"font-size:13px;color:#FFFFFF\"><\/i> Fale Conosco<\/span><\/a><\/td>\n<\/tr>\n<\/tbody>\n<\/table>\n<\/div>\n<p>&nbsp;<\/p>\n<p><img loading=\"lazy\" decoding=\"async\" class=\"aligncenter wp-image-252 size-full\" src=\"https:\/\/cnhsuspensarj.com.br\/recurso\/wp-content\/uploads\/2019\/08\/partner1.png\" alt=\"\" width=\"774\" height=\"188\" srcset=\"https:\/\/cnhsuspensarj.com.br\/recurso\/wp-content\/uploads\/2019\/08\/partner1.png 774w, https:\/\/cnhsuspensarj.com.br\/recurso\/wp-content\/uploads\/2019\/08\/partner1-300x73.png 300w, https:\/\/cnhsuspensarj.com.br\/recurso\/wp-content\/uploads\/2019\/08\/partner1-768x187.png 768w\" sizes=\"auto, (max-width: 774px) 100vw, 774px\" \/><\/p>\n","protected":false},"excerpt":{"rendered":"<p>Alem de\u00a0 Recurso de Multa Lei Seca e Recurso em Processo de Suspens\u00e3o e Cassa\u00e7\u00e3o da CNH, atuamos com demais recursos de multas. Consulte-nos e pe\u00e7a assessoria para recorrer em multas de tr\u00e2nsito! &nbsp;<\/p>\n","protected":false},"author":1,"featured_media":0,"parent":0,"menu_order":0,"comment_status":"closed","ping_status":"closed","template":"","meta":{"footnotes":"","_links_to":"","_links_to_target":""},"class_list":["post-27","page","type-page","status-publish","hentry"],"_links":{"self":[{"href":"https:\/\/cnhsuspensarj.com.br\/recurso\/wp-json\/wp\/v2\/pages\/27","targetHints":{"allow":["GET"]}}],"collection":[{"href":"https:\/\/cnhsuspensarj.com.br\/recurso\/wp-json\/wp\/v2\/pages"}],"about":[{"href":"https:\/\/cnhsuspensarj.com.br\/recurso\/wp-json\/wp\/v2\/types\/page"}],"author":[{"embeddable":true,"href":"https:\/\/cnhsuspensarj.com.br\/recurso\/wp-json\/wp\/v2\/users\/1"}],"replies":[{"embeddable":true,"href":"https:\/\/cnhsuspensarj.com.br\/recurso\/wp-json\/wp\/v2\/comments?post=27"}],"version-history":[{"count":47,"href":"https:\/\/cnhsuspensarj.com.br\/recurso\/wp-json\/wp\/v2\/pages\/27\/revisions"}],"predecessor-version":[{"id":587,"href":"https:\/\/cnhsuspensarj.com.br\/recurso\/wp-json\/wp\/v2\/pages\/27\/revisions\/587"}],"wp:attachment":[{"href":"https:\/\/cnhsuspensarj.com.br\/recurso\/wp-json\/wp\/v2\/media?parent=27"}],"curies":[{"name":"wp","href":"https:\/\/api.w.org\/{rel}","templated":true}]}}