{"id":15,"date":"2019-08-29T11:22:48","date_gmt":"2019-08-29T14:22:48","guid":{"rendered":"http:\/\/cnhsuspensarj.com.br\/recurso\/?page_id=15"},"modified":"2023-03-15T13:10:41","modified_gmt":"2023-03-15T16:10:41","slug":"recurso-cassacao-cnh","status":"publish","type":"page","link":"https:\/\/cnhsuspensarj.com.br\/recurso\/recurso-cassacao-cnh\/","title":{"rendered":"Recurso Cassa\u00e7\u00e3o CNH"},"content":{"rendered":"<p>Temos diversos cases de sucesso em recursos impetrados em processos de Cassa\u00e7\u00e3o da CNH.<!--more--><\/p>\n<blockquote>\n<h2><strong>Mas n\u00e3o perca as esperan\u00e7as: Processo de CNH cassada tamb\u00e9m concede direito a recurso.<\/strong><br \/>\n<strong>Fa\u00e7a seu recurso com uma empresa especializada!<\/strong><\/h2>\n<\/blockquote>\n<div class=\"su-note\"  style=\"border-color:#d8d8d8;border-radius:3px;-moz-border-radius:3px;-webkit-border-radius:3px;\"><div class=\"su-note-inner su-u-clearfix su-u-trim\" style=\"background-color:#F2F2F2;border-color:#ffffff;color:#333333;border-radius:3px;-moz-border-radius:3px;-webkit-border-radius:3px;\">\n<h2><strong>O que \u00e9 Cassa\u00e7\u00e3o de CNH:<\/strong><\/h2>\n<p>Todo mundo sabe que para obter uma <strong>CNH<\/strong>, o motorista em algum dia teve que fazer provas pr\u00e1ticas e te\u00f3ricas, alem de exames de aptid\u00e3o f\u00edsica.<br \/>\n<img loading=\"lazy\" decoding=\"async\" class=\"alignleft wp-image-516 size-medium\" title=\"Cassa\u00e7\u00e3o da CNH\" src=\"https:\/\/cnhsuspensarj.com.br\/recurso\/wp-content\/uploads\/2022\/06\/meso6-300x262.jpg\" alt=\"Recorrer processo cassa\u00e7\u00e3o de CNH \" width=\"300\" height=\"262\" srcset=\"https:\/\/cnhsuspensarj.com.br\/recurso\/wp-content\/uploads\/2022\/06\/meso6-300x262.jpg 300w, https:\/\/cnhsuspensarj.com.br\/recurso\/wp-content\/uploads\/2022\/06\/meso6.jpg 406w\" sizes=\"auto, (max-width: 300px) 100vw, 300px\" \/>O que poderia ent\u00e3o, ocorrer de pior \u00e0 vida de um motorista habilitado?<br \/>\nVir a perder a <strong>CNH<\/strong>, e com ela, o direito legal de de conduzir ve\u00edculos.<\/p>\n<p>Depois de tanto esfor\u00e7o para a obten\u00e7\u00e3o de uma <strong>CNH<\/strong>, \u00e9 um verdadeiro pesadelo vir a perde-la.<br \/>\nE, infelizmente, este pesadelo, de ter a <strong>CNH<\/strong> cassada, pode &#8211; mediante algumas infra\u00e7\u00f5es graves de tr\u00e2nsitos &#8211; se tornar real.<br \/>\nComo?<\/p>\n<p>A cassa\u00e7\u00e3o da <strong>CNH<\/strong> \u00e9 previstas pelo C\u00f3digo de Tr\u00e2nsito, como \u00faltimo recurso, apos:<br \/>\n\u2013 Advert\u00eancia por escrito;<br \/>\n&#8211; Aplica\u00e7\u00e3o de multas;<br \/>\n&#8211; Aplica\u00e7\u00e3o da suspens\u00e3o tempor\u00e1ria do direito de dirigir.<\/p>\n<p>Quando, mesmo submetido a todas as penalidades, o motorista ainda assim infringe o c\u00f3digo de tr\u00e2nsito, ent\u00e3o seu direito de dirigir \u00e9 cassado e ele ter\u00e1 de &#8220;recome\u00e7ar do zero&#8221; sua saga para novamente ter a Permiss\u00e3o para Dirigir novamente.<\/p>\n<p>Isto implica uma real dor de cabe\u00e7a, sobretudo para quem usa o carro com mais frequ\u00eancia ou para quem atua profissionalmente como motorista.<br \/>\nEm caso de cassa\u00e7\u00e3o, para vir a recurar o direito de portar a carteira de motorista novamente, est\u00e1 inclusive a freq\u00fc\u00eancia obrigat\u00f3ria a curso de reciclagem&#8230;.<br \/>\nAlem de cumprir as puni\u00e7\u00f5es relacionadas ao descumprimento do c\u00f3digo de transito, conforme previsto<\/p>\n<p><strong>Veja o que diz o CTB:<\/strong><\/p>\n<p>&#8220;A cassa\u00e7\u00e3o do documento de habilita\u00e7\u00e3o dar-se-\u00e1:<br \/>\nI \u2013 quando, suspenso o direito de dirigir, o infrator conduzir qualquer ve\u00edculo;<br \/>\nII \u2013 no caso de reincid\u00eancia, no prazo de doze meses, das infra\u00e7\u00f5es previstas no inciso III do art. 162 e nos arts. 163, 164, 165, 173, 174 e 175;<br \/>\nIII \u2013 quando condenado judicialmente por delito de tr\u00e2nsito, observado o disposto no art. 160.<\/p>\n<p><strong>ATEN\u00c7\u00c3O<\/strong>: observe que, apesar de haver outros casos que levam \u00e0 cassa\u00e7\u00e3o, \u00e9 Importante destacar o motivos mais recorrente em casos de cassa\u00e7\u00e3o:<br \/>\nA suspens\u00e3o da <strong>CNH<\/strong> pode levar \u00e0 cassa\u00e7\u00e3o da <strong>CNH<\/strong>.<br \/>\nComo?<br \/>\nCaso o condutor resolva dirigir enquanto estiver cumprindo o per\u00edodo de suspens\u00e3o.<\/p>\n<p><strong>Em suma: se o motorista infringir ou violar, de modo grav\u00edssima e ou recorrente as leis de tr\u00e2nsito ele poder\u00e1 perder seu documento de habilita\u00e7\u00e3o.<\/strong><br \/>\n<strong>E esta perda poder\u00e1 se dar tanto na CNH provis\u00f3ria, quanto na CNH definitiva.<\/strong><\/p>\n<p><strong>A grande dica sobre cassa\u00e7\u00e3o da CNH \u00e9:<\/strong><\/p>\n<ol>\n<li>Respeite e n\u00e3o viole as regras de tr\u00e2nsito.<\/li>\n<li>Ainda assim caso tenha incorrido em alguma infra\u00e7\u00e3o, recorra sempre!<\/li>\n<li>Ao recorrer,\u00a0 fa\u00e7a sempre seu recurso com t\u00e9cnicos especializados, para ter um embasamento legal e ampliar suas chances de \u00eaxito!<\/li>\n<\/ol>\n<\/div><\/div>\n<div class=\"su-note\"  style=\"border-color:#d8d8d8;border-radius:3px;-moz-border-radius:3px;-webkit-border-radius:3px;\"><div class=\"su-note-inner su-u-clearfix su-u-trim\" style=\"background-color:#F2F2F2;border-color:#ffffff;color:#333333;border-radius:3px;-moz-border-radius:3px;-webkit-border-radius:3px;\">\n<h2><strong>\u00c9 poss\u00edvel voltar a dirigir ap\u00f3s ter a CNH cassada?<\/strong><\/h2>\n<p><strong>CNH cassada, significa que nunca mais vou poder voltar a dirigir?<\/strong><br \/>\nN\u00e3o. Significa que voc\u00ea ter\u00e1 que ficar <strong>por 2 anos sem dirigir<\/strong> e sem habilita\u00e7\u00e3o, podendo pleitear ao final deste per\u00edodo de 2 anos, a sua <strong>CNH<\/strong> novamente, tendo que se submeter novamente a procedimentos pr\u00e1ticos e te\u00f3ricos de dire\u00e7\u00e3o, alem de avalia\u00e7\u00e3o m\u00e9dica e psicot\u00e9cnica, como qualquer motorista iniciante, para ter direito a novamente ter sua habilita\u00e7\u00e3o e poder voltar a dirigir.<\/p>\n<p>Vejamos:<\/p>\n<p>O Artigo 263 do C\u00f3digo de Tr\u00e2nsito Brasileiro esclarece esta d\u00favida, sem seu 2 inciso:<br \/>\n<img loading=\"lazy\" decoding=\"async\" class=\"alignleft wp-image-518 size-medium\" title=\"CNH Cassada\" src=\"https:\/\/cnhsuspensarj.com.br\/recurso\/wp-content\/uploads\/2022\/06\/meso4-300x262.jpg\" alt=\"Recorrer processo CNH Suspensa\" width=\"300\" height=\"262\" srcset=\"https:\/\/cnhsuspensarj.com.br\/recurso\/wp-content\/uploads\/2022\/06\/meso4-300x262.jpg 300w, https:\/\/cnhsuspensarj.com.br\/recurso\/wp-content\/uploads\/2022\/06\/meso4.jpg 406w\" sizes=\"auto, (max-width: 300px) 100vw, 300px\" \/>&#8220;Decorridos dois anos da cassa\u00e7\u00e3o da Carteira Nacional de Habilita\u00e7\u00e3o, o infrator poder\u00e1 requerer sua reabilita\u00e7\u00e3o, submetendo-se a todos os exames necess\u00e1rios \u00e0 habilita\u00e7\u00e3o, na forma estabelecida pelo CONTRAN&#8221;<br \/>\nPortanto tente n\u00e3o cometer infra\u00e7\u00f5es que cassem sua <strong>CNH<\/strong>, caso contr\u00e1rio, ter\u00e1 de aguardar 2 anos para somente depois, poder pleitear uma nova CNH, cumprindos todos os procedimentos necess\u00e1rios para obter a carteira nacional de habilita\u00e7\u00e3o.<br \/>\nSignifica come\u00e7ar do zero, na condi\u00e7\u00e3o de aluno, para ser avaliado se poder\u00e1 ou n\u00e3o obter uma <strong>CNH<\/strong> novamente.<\/p>\n<p>Varias infra\u00e7\u00f5es, alem de conduzir ve\u00edculos em per\u00edodo de <strong>CNH<\/strong> Suspensa, podem levar \u00e0 cassa\u00e7\u00e3o da C<strong>N<\/strong>H, ou cometer algumas infra\u00e7\u00f5es mais de uma vez dentro do per\u00edodo de 12 meses.<\/p>\n<p>E quais s\u00e3o essas infra\u00e7\u00f5es?<br \/>\nArt. 162 \u2013 III: conduzir ve\u00edculo de categoria diferente da <strong>CNH<\/strong> ou PPD do condutor.<br \/>\nArt. 163: entregar a dire\u00e7\u00e3o de ve\u00edculo \u00e0 pessoa que se enquadre nos casos previstos pelo artigo 162.<br \/>\nArt. 164: permitir a posse de ve\u00edculo \u00e0 pessoa nas mesmas condi\u00e7\u00f5es do artigo 162, de modo que ela possa conduzi-lo.<br \/>\nArt. 165: dirigir ap\u00f3s ingerir bebia alco\u00f3lica ou qualquer outra subst\u00e2ncia psicoativa.<br \/>\nArt. 173: disputar corrida.<br \/>\nArt. 174: promover eventos de manobras perigosas sem autoriza\u00e7\u00e3o ou rachas.<br \/>\nArt. 175: realizar manobras perigosas.<\/p>\n<p>Como algumas infra\u00e7\u00f5es nos c\u00f3digos citados s\u00e3o &#8220;autossuspensivas&#8221;, bastaria cometer a infra\u00e7\u00e3o uma vez para ter a <strong>CNH<\/strong> Suspensa<br \/>\nLogo, a reincid\u00eancia em cometer uma destas infra\u00e7\u00f5es, j\u00e1 gera um processo de cassa\u00e7\u00e3o da <strong>CNH<\/strong>.<\/p>\n<\/div><\/div>\n<div class=\"su-note\"  style=\"border-color:#d8d8d8;border-radius:3px;-moz-border-radius:3px;-webkit-border-radius:3px;\"><div class=\"su-note-inner su-u-clearfix su-u-trim\" style=\"background-color:#F2F2F2;border-color:#ffffff;color:#333333;border-radius:3px;-moz-border-radius:3px;-webkit-border-radius:3px;\">\n<h2><strong>Posso Dirigir Com a CNH Cassada?<\/strong><\/h2>\n<p>Quando um processo administrativo resulta em carteira cassada, o motorista deve ficar sem conduzir qualquer ve\u00edculo por um prazo de 24 mesesm para, s\u00f3 depois, se assim desejar, dar inicio ao processo inicial de obten\u00e7\u00e3o da <strong>CNH<\/strong>, fazendo todas as etapas, como se nunca houvesse dirigido ou portado uma <strong>CNH<\/strong>.<br \/>\n\u00c9 um processo longo e que ainda traz toda a burocracia, tempo e recursos para pleitear, do zero, acesso ao direito de novamente conduzir ve\u00edculos.<\/p>\n<p>Por tal motivo, muitos condutores teimam em infringir a lei e dirigem mesmo tendo a <strong>CNH<\/strong> cassada.<br \/>\n\u00e9 uma infra\u00e7\u00e3o tao grave como se dirigir sem carteira, pois, legalmente falando, dentro daquele per\u00edodo OU at\u00e9 que solicite novamente a <strong>CNH<\/strong>, o motorista n\u00e3o est\u00e1 habilitado e incorre assim em grave infra\u00e7\u00e3o ao conduzir ve\u00edculo.<br \/>\nA penalidade \u00e9 dura e prevista no C\u00f3digo de Tr\u00e2nsito, que diz sobre:<\/p>\n<p>(Dirigir)<br \/>\nII \u2013 com Carteira Nacional de Habilita\u00e7\u00e3o, Permiss\u00e3o para Dirigir ou Autoriza\u00e7\u00e3o para Conduzir Ciclomotor cassada ou com suspens\u00e3o do direito de dirigir:<br \/>\nInfra\u00e7\u00e3o \u2013 grav\u00edssima;<br \/>\nPenalidade \u2013 multa (tr\u00eas vezes);<br \/>\nMedida administrativa \u2013 recolhimento do documento de habilita\u00e7\u00e3o e reten\u00e7\u00e3o do ve\u00edculo at\u00e9 a apresenta\u00e7\u00e3o de condutor habilitado;<\/p>\n<p>Ou seja, multa de maior valor multiplicada por tres, e alem disso exigencia que um motorista devidamente habilitado retire o ve\u00edculo que \u00e9 apreendido no ato.<br \/>\nDor de cabe\u00e7a e altos gastos.<\/p>\n<\/div><\/div>\n<div class=\"su-note\"  style=\"border-color:#d8d8d8;border-radius:3px;-moz-border-radius:3px;-webkit-border-radius:3px;\"><div class=\"su-note-inner su-u-clearfix su-u-trim\" style=\"background-color:#F2F2F2;border-color:#ffffff;color:#333333;border-radius:3px;-moz-border-radius:3px;-webkit-border-radius:3px;\">\n<h2><strong>Diferen\u00e7a entre Cassa\u00e7\u00e3o\u00a0da CNH e Cassa\u00e7\u00e3o da PPD:<\/strong><\/h2>\n<p>A PPD (Permiss\u00e3o para Dirigir) antecede a <strong>CNH<\/strong> por assim dizer.<br \/>\n\u00c9 uma esp\u00e9cie de &#8220;per\u00edodo de teste&#8221;, numa compara\u00e7\u00e3o primitiva.<br \/>\n\u00c9 a permiss\u00e3o dada a quem acaba de se formar em centro de forma\u00e7\u00e3o de condutores e teve avalia\u00e7\u00e3o positiva nas provas praticas e te\u00f3ricas.<br \/>\nAinda assim, este condutor tem acesso inicial a uma &#8220;(Permiss\u00e3o para Dirigir) que so depois, evolui &#8211; ou n\u00e3o conforme sua conduta no transito &#8211; para a porte da <strong>CNH<\/strong> <strong>definitiva<\/strong>,<\/p>\n<p>Se tem no CTB previs\u00f5es e regras distintas para o condutor com A PDD.<br \/>\nSendo assim a &#8220;cassa\u00e7\u00e3o da PPD&#8221; ocorre quando apos determinado per\u00edodo, o condutor que porta a &#8220;Permiss\u00e3o para Dirigir&#8221; comete alguma infra\u00e7\u00e3o que o impossibilite a substituir sua permiss\u00e3o por uma <strong>CNH<\/strong> definitiva.<br \/>\nMas a mera impossibilidade de fazer a a transi\u00e7\u00e3o (PPD para a <strong>CNH<\/strong> <strong>definitiva<\/strong>) n\u00e3o significa ter o documento cassado.<br \/>\nQual a diferen\u00e7a aqui?<br \/>\n&#8211; No caso do portador da <strong>CNH<\/strong>: a cassa\u00e7\u00e3o do documento implica em ficar 2 anos sem poder dirigir.<br \/>\nNo caso do condutor impossibilitado de trocar a PPD pela <strong>CNH<\/strong>: ele n\u00e3o precisar\u00e1 ficar 2 anos sem pleitear o direito de dirigir, poder\u00e1 iniciar o processo novamente de imediato, se assim o desejar.<\/p>\n<p><strong>Quais infra\u00e7\u00f5es podem levar \u00e0 cassa\u00e7\u00e3o da PDD?<\/strong><\/p>\n<p>No caso do PPD, o COTRAN \u00e9 literal e esclarece que:<br \/>\n&#8220;A Carteira Nacional de Habilita\u00e7\u00e3o ser\u00e1 conferida ao condutor no t\u00e9rmino de um ano, desde que o mesmo n\u00e3o tenha cometido nenhuma infra\u00e7\u00e3o de natureza grave ou grav\u00edssima ou seja reincidente em infra\u00e7\u00e3o m\u00e9dia.&#8221;<br \/>\nDesta forma, todo condutor que esteja na fase de portar a Permiss\u00e3o Para Dirigir em seu primeiro ano de habilita\u00e7\u00e3o n\u00e3o poder\u00e1 cometer infra\u00e7\u00f5es da categoria &#8220;graves&#8221; ou &#8220;grav\u00edssimas&#8221;, tampouco poder\u00e1 ser reincidente em infra\u00e7\u00e3o de categoria &#8220;m\u00e9dia&#8221; durante os 12 meses iniciais portando o PPD.<\/p>\n<p><strong>Como se d\u00e1 o processo de cassa\u00e7\u00e3o da CNH?<\/strong><br \/>\nAlgumas infra\u00e7\u00e3o sou reincid\u00eancias podem levar a um processo de cassa\u00e7\u00e3o, ou caso um condutor seja flagrado desrespeitando o per\u00edodo de <strong>Suspens\u00e3o da CNH<\/strong>, sua penalidade pode evoluir para a cassa\u00e7\u00e3o da <strong>CNH<\/strong>.<br \/>\nO que implicaria:<br \/>\n&#8211; alem de ficar um per\u00edodo de 2 anos sem conduzir, precisar frequentar novamente aulas de forma\u00e7\u00e3o de condutor, exames de aptid\u00e3o f\u00edsica e provas te\u00f3ricas e pr\u00e1ticas que envolvem a concess\u00e3o da <strong>CNH<\/strong>.<\/p>\n<p>Mas, lembre-se: ainda assim, durante o per\u00edodo de instaura\u00e7\u00e3o do processo, o condutor pode apresentar sua defesa, at\u00e9 o indeferimento.<\/p>\n<p>Por isso n\u00e3o pense duas vezes:<br \/>\nao ser notificado de cassa\u00e7\u00e3o da sua <strong>CNH<\/strong> recorra a profissionais especializados para recorrer, conte com a nossa equipe!<\/p>\n<p>Na Resolu\u00e7\u00e3o 723 do CONTRAN, o processo de cassa\u00e7\u00e3o deve ser instaurado quando o condutor j\u00e1 tiver esgotado todas as suas possibilidades de defesa.<\/p>\n<\/div><\/div>\n<div class=\"su-note\"  style=\"border-color:#d8d8d8;border-radius:3px;-moz-border-radius:3px;-webkit-border-radius:3px;\"><div class=\"su-note-inner su-u-clearfix su-u-trim\" style=\"background-color:#F2F2F2;border-color:#ffffff;color:#333333;border-radius:3px;-moz-border-radius:3px;-webkit-border-radius:3px;\">\n<h2><strong>Defesa no Processo de <span style=\"font-size: 24px;\">Cassa\u00e7\u00e3o<\/span> da CNH<\/strong><\/h2>\n<p>&#8211; Ao receber a notifica\u00e7\u00e3o ( que ser\u00e1 enviada ao endere\u00e7o que consta em seu &#8220;Registro Nacional de Condutores Habilitado&#8221;) o condutor ter\u00e1 prazo, previsto na notifica\u00e7\u00e3o, para apresentar sua defesa.<br \/>\n<strong>Nossa primeira dica aqui: fique atento a tal prazo e n\u00e3o perca sua chance de defesa!<\/strong><\/p>\n<p>Apos protocolada a defesa, caso seja indeferida favoravelmente ao condutor, o mesmo ser\u00e1 ent\u00e3o notificado (Notifica\u00e7\u00e3o de Imposi\u00e7\u00e3o de Penalidade) pelo \u00f3rg\u00e3o respons\u00e1vel sobre a cassa\u00e7\u00e3o de sua habilita\u00e7\u00e3o.<br \/>\nO procedimento a seguir ser\u00e1:<br \/>\n&#8211; Entregar sua documento de habilita\u00e7\u00e3o ao \u00f3rg\u00e3o respons\u00e1vel, o qual ser\u00e1 indicado na notifica\u00e7\u00e3o.<br \/>\n&#8211; Permanecer 2 anos sem conduzir qualquer ve\u00edculo.<br \/>\nApos o per\u00edodo de 2 anos, se submeter novamente a etapa inicial para a obten\u00e7\u00e3o da Carteira Nacional de Habilita\u00e7\u00e3o.<\/p>\n<p>Cabe dizer que:<br \/>\nAlem da notifica\u00e7\u00e3o da cassa\u00e7\u00e3o, a situa\u00e7\u00e3o da <strong>CNH<\/strong> cassada ficar\u00e1 dispon\u00edvel tamb\u00e9m no website do DETRAN do estado de origem da <strong>CNH<\/strong>.<br \/>\nisto permite que mesmo que n\u00e3o ocorra o recebimento da notifica\u00e7\u00e3o no endere\u00e7o cadastrado, basta acessar o site para saber sobre o status da <strong>cassa\u00e7\u00e3o da<\/strong> <strong>CNH<\/strong>.<br \/>\nTal medida objetiva ainda que o condutor n\u00e3o alegue desconhecimento.<\/p>\n<p>E lembre-se: caso tenha sua habilita\u00e7\u00e3o cassada, n\u00e3o h\u00e1 motivo para adiar a entrega da <strong>CNH<\/strong> (ja que a mesma constar\u00e1 no site do Detran). Quanto mais cedo o condutor entregar a <strong>CNH<\/strong>, mais cedo cumprir\u00e1 o per\u00edodo para reaver o direito de reaver a permiss\u00e3o para dirigir.<\/p>\n<p>Fale conosco para <strong><a href=\"https:\/\/cnhsuspensarj.com.br\/recurso\/contato\/\">solicitar uma consulta<\/a><\/strong> sem compromisso e saber se sua <strong>CNH<\/strong> est\u00e1 ou n\u00e3o cassada no site do DETRAN de sua carteira de origem.<\/p>\n<\/div><\/div>\n<div class=\"su-note\"  style=\"border-color:#d8d8d8;border-radius:3px;-moz-border-radius:3px;-webkit-border-radius:3px;\"><div class=\"su-note-inner su-u-clearfix su-u-trim\" style=\"background-color:#F2F2F2;border-color:#ffffff;color:#333333;border-radius:3px;-moz-border-radius:3px;-webkit-border-radius:3px;\">\n<h2><strong>Dicas para uma boa defesa no DETRAN:<\/strong><\/h2>\n<p>A primeira dica \u00e9: <strong>recorra com um especialista e aumente suas chances de reverter a cassa\u00e7\u00e3o da sua CNH<\/strong>: <a href=\"https:\/\/cnhsuspensarj.com.br\/recurso\/contato\/\"><strong>clique aqui<\/strong><\/a> e solicite or\u00e7amento.<br \/>\nNossas outras recomenda\u00e7\u00f5es s\u00e3o:<\/p>\n<p>&#8211; N\u00e3o use defesas prontas: sua defesa deve ser personalizada, embasada no c\u00f3digo e considerando seu caso espec\u00edfico.<br \/>\n&#8211; O processo administrativo passa por mais de uma inst\u00e2ncias. Contrate nossa equipe para acompanhar e apresentar sua defesa em todas as fases.<br \/>\n&#8211; No caso de cassa\u00e7\u00e3o, lembre-se que voc\u00ea tem chance de reverter antes e apos o o processo instaurado. Use seu direito de defesa\u00a0 seu favor e\u00a0 recorra sempre!<br \/>\n&#8211; No processo de suspens\u00e3o da <strong>CNH<\/strong> faz todo o diferencial recorrer com especialistas para ampliar sua chance de reverter a cassa\u00e7\u00e3o!<br \/>\n&#8211; Esteja atento ao receber notifica\u00e7\u00f5es e mantenha seu endere\u00e7o sempre atualizado junto aos \u00f3rg\u00e3os de tr\u00e2nsito.<br \/>\n&#8211; Fale conosco e recorra com uma empresa especializada em recurso em processos de cassa\u00e7\u00e3o e suspens\u00e3o!<\/p>\n<\/div><\/div>\n<div class=\"su-table su-table-alternate\">\n<table>\n<tbody>\n<tr>\n<td>\n<h6><strong>Como Ganhar O Recurso Multa?<\/strong><\/h6>\n<h6><a href=\"https:\/\/cnhsuspensarj.com.br\/recurso\/contato\/\"><strong>Fa\u00e7a Recurso Baseado Na Lei<\/strong><\/a><\/h6>\n<h6><strong>N\u00e3o Perca Prazos Ao Recorrer<\/strong><\/h6>\n<h6>Fale Conosco e D\u00ea Entrada Na Sua Defesa de Imediato, N\u00e3o Corra Risco de Perder Prazo<\/h6>\n<h6>N\u00e3o Perca Tempo, Apresentamos Sua Defesa T\u00e9cnica Pautada no C\u00f3digo de Tr\u00e2nsito Brasileiro.<\/h6>\n<\/td>\n<td>\n<h6><strong>Foi Parado Na Lei Seca RJ?<\/strong><\/h6>\n<h6><a href=\"https:\/\/cnhsuspensarj.com.br\/recurso\/contato\/\"><strong>Fazemos Sua Defesa Pr\u00e9via<\/strong><\/a><\/h6>\n<h6><strong>Recorra Antes da Notifica\u00e7\u00e3o<\/strong><\/h6>\n<h6>Elaboramos Sua Defesa Pr\u00e9via, Corrigindo Falhas e Omiss\u00f5es Ocorridas Na Sua Abordagem<\/h6>\n<h6>N\u00e3o Perca Tempo, Apresente Sua Defesa Antes Que Um Processo de Suspens\u00e3o Seja Instaurado.<\/h6>\n<\/td>\n<\/tr>\n<tr>\n<td>\n<h6><strong>Multado Na Lei Seca. E Agora?<\/strong><\/h6>\n<h6><a href=\"https:\/\/cnhsuspensarj.com.br\/recurso\/contato\/\"><strong>Somos Especialistas em Recurso<\/strong><\/a><\/h6>\n<h6><strong>Recurso CNH Suspensa Lei Seca<\/strong><\/h6>\n<h6>Atuamos Exclusivamente em Processo de CNH Suspensa Ou Cassada e Recurso Lei Seca.<\/h6>\n<h6>Temos T\u00e9cnicos Experientes e Agilidade em Despachos, Fale Conosco e Tire Suas D\u00favidas.<\/h6>\n<\/td>\n<td>\n<h6><strong>Notificado Com CNH Suspensa?<\/strong><\/h6>\n<h6><a href=\"https:\/\/cnhsuspensarj.com.br\/recurso\/contato\/\"><strong>Risco de Ter sua CNH Cassada?<\/strong><\/a><\/h6>\n<h6><strong>N\u00e3o Fique 2 Anos Sem Dirigir<\/strong><\/h6>\n<h6>Fazemos Defesa e Recurso Multas de Infra\u00e7\u00e3o autossuspensiva Ou Por Pontua\u00e7\u00e3o Excedida<\/h6>\n<h6>Recorrer \u00c9 Direito Previsto no C\u00f3digo de Tr\u00e2nsito, Recorre e Recupere Direito de Dirigir<\/h6>\n<\/td>\n<\/tr>\n<tr>\n<td>\n<h6><strong>Foi Notificado CNH Suspensa?<\/strong><\/h6>\n<h6><a href=\"https:\/\/cnhsuspensarj.com.br\/recurso\/contato\/\"><strong>Recorra Conosco Imediatamente<\/strong><\/a><\/h6>\n<h6><strong>N\u00e3o Perca Um S\u00f3 Dia No Prazo<\/strong><\/h6>\n<h6>N\u00e3o Perca Um dia Sequer de Prazo, Recorra de Imediato e Evite Ter Sua CNH Suspensa<\/h6>\n<h6>Somos Empresa Especializada em Recurso de CNH Suspensa, Cassada E Multas Lei Seca<\/h6>\n<\/td>\n<td>\n<h6><strong>Foi Notificado CNH Suspensa?<\/strong><\/h6>\n<h6><a href=\"https:\/\/cnhsuspensarj.com.br\/recurso\/contato\/\"><strong>Entre Com Recurso Imediato<\/strong><\/a><\/h6>\n<h6><strong>N\u00e3o Perca Chance de Defesa<\/strong><\/h6>\n<h6>Recorrer \u00c9 Um Direto Seu, O C\u00f3digo de Tr\u00e2nsito Brasileiro Prev\u00ea Recurso de Defesa, Recorra<\/h6>\n<h6>N\u00e3o Perca Prazos, Fa\u00e7a Sua Defesa Com Especialistas e Recupere O Seu Direito de Dirigir<\/h6>\n<\/td>\n<\/tr>\n<\/tbody>\n<\/table>\n<\/div>\n<p>&nbsp;<\/p>\n<p><img loading=\"lazy\" decoding=\"async\" class=\"alignleft wp-image-502 size-large\" src=\"https:\/\/cnhsuspensarj.com.br\/recurso\/wp-content\/uploads\/2022\/06\/recorrr-de-multa-rapido-1024x575.jpg\" alt=\"Recorrer de multa mandat\u00f3ria\" width=\"1024\" height=\"575\" srcset=\"https:\/\/cnhsuspensarj.com.br\/recurso\/wp-content\/uploads\/2022\/06\/recorrr-de-multa-rapido-1024x575.jpg 1024w, https:\/\/cnhsuspensarj.com.br\/recurso\/wp-content\/uploads\/2022\/06\/recorrr-de-multa-rapido-300x168.jpg 300w, https:\/\/cnhsuspensarj.com.br\/recurso\/wp-content\/uploads\/2022\/06\/recorrr-de-multa-rapido-768x431.jpg 768w, https:\/\/cnhsuspensarj.com.br\/recurso\/wp-content\/uploads\/2022\/06\/recorrr-de-multa-rapido.jpg 1400w\" sizes=\"auto, (max-width: 1024px) 100vw, 1024px\" \/><\/p>\n<p>&nbsp;<\/p>\n","protected":false},"excerpt":{"rendered":"<p>Temos diversos cases de sucesso em recursos impetrados em processos de Cassa\u00e7\u00e3o da CNH.<\/p>\n","protected":false},"author":1,"featured_media":0,"parent":0,"menu_order":0,"comment_status":"closed","ping_status":"closed","template":"","meta":{"footnotes":"","_links_to":"","_links_to_target":""},"class_list":["post-15","page","type-page","status-publish","hentry"],"_links":{"self":[{"href":"https:\/\/cnhsuspensarj.com.br\/recurso\/wp-json\/wp\/v2\/pages\/15","targetHints":{"allow":["GET"]}}],"collection":[{"href":"https:\/\/cnhsuspensarj.com.br\/recurso\/wp-json\/wp\/v2\/pages"}],"about":[{"href":"https:\/\/cnhsuspensarj.com.br\/recurso\/wp-json\/wp\/v2\/types\/page"}],"author":[{"embeddable":true,"href":"https:\/\/cnhsuspensarj.com.br\/recurso\/wp-json\/wp\/v2\/users\/1"}],"replies":[{"embeddable":true,"href":"https:\/\/cnhsuspensarj.com.br\/recurso\/wp-json\/wp\/v2\/comments?post=15"}],"version-history":[{"count":23,"href":"https:\/\/cnhsuspensarj.com.br\/recurso\/wp-json\/wp\/v2\/pages\/15\/revisions"}],"predecessor-version":[{"id":578,"href":"https:\/\/cnhsuspensarj.com.br\/recurso\/wp-json\/wp\/v2\/pages\/15\/revisions\/578"}],"wp:attachment":[{"href":"https:\/\/cnhsuspensarj.com.br\/recurso\/wp-json\/wp\/v2\/media?parent=15"}],"curies":[{"name":"wp","href":"https:\/\/api.w.org\/{rel}","templated":true}]}}